inder when u(b) is divided by i(0).
4
Let d = 81 - 45. Suppose 2 = -j, -10 - 7 = -3*w + 4*j. Suppose -w*h - 5*i + 37 = 0, -5*h + 45 + 66 = -4*i. What is the remainder when d is divided by h?
17
Suppose 2*b + 0*b = 72. Suppose 0*n - 7*n = -14. Suppose -2*v + 4*t = -120 - 24, -n*v = -3*t - 142. Calculate the remainder when v is divided by b.
32
Let y = -2128 + 2207. What is the remainder when 236 is divided by y?
78
Let w = 45 + -29. Let q(v) = -v**2 + 31*v + 102. Let b be q(33). Suppose 4*x - h - w = 20, h = -5*x + b. What is the remainder when 20 is divided by x?
4
What is the remainder when (-371)/(-1484) + (-9719)/(-4) is divided by 13?
12
Suppose 33 + 71 = 4*p. Suppose 5*v - 37 = 2*k, 4*k + 20 = -v + 5*v. Suppose v*x - 41 = 22. What is the remainder when p is divided by x?
5
Let f(c) = -11*c**2 - 1509*c - 338. Calculate the remainder when f(-136) is divided by 715.
0
Let o(h) = 63*h + 616. What is the remainder when 1408 is divided by o(-6)?
218
Let l(r) = 75*r + 1188. Calculate the remainder when 1128 is divided by l(-15).
57
Suppose 35*z = 5*s + 30*z - 1500, 0 = -3*s + 5*z + 898. What is the remainder when s is divided by 112?
77
Suppose -158*u + 159*u - 324 = -5*v, -4*u - v = -1296. Calculate the remainder when u is divided by 57.
39
Suppose 2*s - 4*m - 692 = 0, 0 = 20*m - 19*m + 7. Calculate the remainder when s is divided by 112.
108
Let s = 204 + -79. Suppose 4*u = 8*u - 4*c + 360, -5*u - 2*c - 457 = 0. Let a = u - -123. What is the remainder when s is divided by a?
29
Let v = 63 - -7. Suppose -15*r - v = -17*r. Suppose -3*t + 5*u = -r, -5*u + 1 = -6*u. What is the remainder when 17 is divided by t?
7
Suppose 18*q + 14*q = 11328. Let m = 359 - q. Calculate the remainder when 19 is divided by m.
4
Suppose -t - 23 = 20. Let o = 63 + t. Suppose -3*k - 77*c + 108 = -79*c, 0 = 5*k + c - 180. What is the remainder when k is divided by o?
16
Suppose 13*u - 42 = 153. Suppose -u + 0 = -5*o. What is the remainder when 15 is divided by o?
0
Let k = 18512 + -18498. Calculate the remainder when 109 is divided by k.
11
Suppose 3*n + 3*n + 582 = 0. Let v = n + 156. Calculate the remainder when v is divided by 6.
5
Suppose 5*q - 2*c = 3*c + 160, -q + 5*c + 24 = 0. Suppose -20 = -38*n + q*n. What is the remainder when 111/12 + 2/(-8) is divided by n?
4
Suppose -4*a + 2*w - 7*w = -23, -3*a + 19 = 2*w. Calculate the remainder when (-10)/(-5) - (-341 - a) is divided by 16.
14
Let q(i) = -i**2 + 11*i + 29. Suppose 25 = -2*w - 5*l, -5*l = 5*w + 8 + 47. Let h be 32/2 - 1 - (-30)/w. What is the remainder when 63 is divided by q(h)?
12
What is the remainder when 334 is divided by (-1631)/(-6) - 3600/4320?
63
Let f(g) = 6*g + 24. Let d = -453 + 465. Calculate the remainder when f(d) is divided by 20.
16
Suppose 4*s = 5*v - 469, 4*s = 187*v - 183*v - 380. What is the remainder when v is divided by 54?
35
Suppose 58*z - 63*z + 134 = -2*k, 2*k + 4 = 0. Calculate the remainder when z is divided by -1 + (-3 - -2 - -14).
2
Let q(x) = x**2 - 6*x - 44. Calculate the remainder when 40 is divided by q(-5).
7
Let v be (-2)/8 - 25/(-100). Suppose v = -2*a, 5*r - 112 = -3*a - 22. Calculate the remainder when 71 is divided by r.
17
Suppose 12*d - 9*d = 36. Suppose d = 2*n + 2*n. Calculate the remainder when n - (-13)/(5 + -4) is divided by 9.
7
Calculate the remainder when (3610/(-8 - -3))/((0 - 2)*1) is divided by 115.
16
Let l(s) be the first derivative of -s**3/3 + 4*s**2 + 12*s + 107. What is the remainder when l(7) is divided by 9?
1
Let l(y) = 5*y**2 - 9*y + 3. Suppose d + 1 - 7 = 0. Let x = -32585 - -32618. Calculate the remainder when l(d) is divided by x.
30
Suppose -4*c - 3*o + 12028 = -37971, 0 = -c + 4*o + 12533. What is the remainder when c is divided by 33?
31
Let d(k) = 39 + 3*k + 6*k + 26 - k + 34. Let b = -11 - -17. What is the remainder when d(-11) is divided by b?
5
Let a be (3 - (-3 + -4))/((-2)/5). Let l = a + 14. Let s = 38 + l. Calculate the remainder when s is divided by 15.
12
Suppose 151*c - 144*c - 21 = 0. Suppose 4*h = -3*u + 7*h + 201, 198 = c*u - 2*h. Let r(a) = 12*a + 1. What is the remainder when u is divided by r(1)?
12
Suppose 2293*i - 6615 = -2*o + 2296*i, 0 = 4*o + 4*i - 13240. Calculate the remainder when o is divided by 72.
69
Suppose -6*o + 3*m = -o + 20, -3*o = 4*m + 12. Let p = o + 16. Let f(a) = 7*a - 62. What is the remainder when p is divided by f(10)?
4
Let l(m) = -3. Let g(u) = -3*u + 73. Let n(i) = g(i) - 3*l(i). Calculate the remainder when 166 is divided by n(16).
30
Let v(i) = 2*i**2 - 9*i - 11. Let q be v(6). Let x(w) = -w - 1. Let j be x(q). Calculate the remainder when j/14 - (-1900)/140 is divided by 7.
6
Suppose -13*f = -18*f. Suppose f = p - 2*k - k - 2, 3*k + 8 = 4*p. Suppose -192 - 42 = -p*q. What is the remainder when q is divided by 20?
17
Let h(c) = -10*c - 37. Let x be h(-5). Suppose 27 - x = 2*t. Let w(v) = 16*v + 2. What is the remainder when w(2) is divided by t?
6
Suppose 91 = 4*k + 5*r, -k = k - r - 49. Calculate the remainder when (1/4)/(k/6816) is divided by 29.
13
Let r = 228 - 36. Suppose 2*n - f - r = -n, -n = 5*f - 64. Let c = n + -17. What is the remainder when c is divided by 16?
15
Let d = -138 - -65. Let t = d + 91. What is the remainder when ((-3)/(-6))/(2/116) is divided by t?
11
Suppose -117 = -7*i - 75. What is the remainder when 393 is divided by i?
3
Let o(l) = -l**3 - 5*l**2 + 6*l + 7. Let a = -118 + 117. Let z(b) = 7*b + 10. What is the remainder when o(-6) is divided by z(a)?
1
Let p(l) = 4*l**2 - 203*l + 66. What is the remainder when p(51) is divided by 54?
9
What is the remainder when ((-21)/(-3))/(20/30 - 185/282) is divided by 86?
56
Let d(z) = -2*z**3 + 27*z**2 + 5*z - 67. Let y be d(13). Let h = -20 + y. What is the remainder when h is divided by 53?
41
Let l(b) = -b + 3. Let h be l(-14). Suppose 11*w - h = 16. What is the remainder when w is divided by 1?
0
Let k(n) = 3*n**2 - 32*n - 265. Calculate the remainder when k(20) is divided by 18.
7
Suppose -21*q - 30*q = -38*q - 377. What is the remainder when 54 is divided by q?
25
Suppose 0 = -5*q - 10, 480 = -c + 10*q - 8*q. Calculate the remainder when c/(-8) + 60/24 is divided by 6.
3
Let b(z) = 4*z**2 - 3*z - 1. Let x(y) = 6*y + 12. Let o be x(-1). Suppose 0 = o*r - 114 - 42. What is the remainder when b(-4) is divided by r?
23
Let x be 19 + (-1)/1 + -4 + 1. Calculate the remainder when 47 is divided by (11 - x)/(8/(-30)) - -2.
13
Calculate the remainder when 753 is divided by (-8)/(12/(-372) - 0).
9
Suppose -215*a + 486943 = -10859 - 245668. Calculate the remainder when a is divided by 10.
8
Let s = 43 - 22. What is the remainder when 51 is divided by s - (-25)/10*2?
25
Let q(z) be the first derivative of z**3/3 + 7*z**2/2 - 2*z + 8. Let v be q(-5). What is the remainder when 32 is divided by ((-4)/(-6))/(v/(-162))?
5
Suppose -11 = 10*k - 91. Let b(o) = -o**3 + 6*o**2 + 11*o - 10. Let x(i) = -2*i + 3. Let w be x(-2). Calculate the remainder when b(w) is divided by k.
2
Let i = -9045 - -9657. What is the remainder when i is divided by 96?
36
Let s = 4 + -2. Suppose -s*k + 293 = 7. Let m = k + -77. What is the remainder when m is divided by 23?
20
Let b(z) = -z**2 + 22*z + 50. Let n be b(19). Let p = 106 + n. Calculate the remainder when p is divided by 31.
27
Let k(w) = -2*w**3 - 7*w**2 - 53*w - 216. What is the remainder when 1730 is divided by k(-6)?
38
Suppose -14242 = 7*l - 14424. What is the remainder when 959 is divided by l?
23
Suppose 2*m = -q - 17 + 45, 5*m + q = 64. What is the remainder when (-12 + 6)/(-3) + 6 + -9 + 65 is divided by m?
4
Suppose 495 - 8494 - 8061 = -365*b. Let l = 146 - 17. What is the remainder when l is divided by b?
41
What is the remainder when 1546 is divided by ((-1 - -5) + -5)*(-1473)/3?
73
Let m(w) = 149*w**2 - 3*w + 7. Let h be 8 - 1 - (-10 - -24 - 8). Calculate the remainder when m(h) is divided by 15.
3
Suppose l - 4 = w, 5*w - l + 24 - 8 = 0. What is the remainder when (w - -1)*-2 - -49 is divided by 876/72 + (-2)/12?
5
Let t = 794 + -233. Calculate the remainder when t is divided by 107.
26
Suppose 40*m = 61*m - 1155. Calculate the remainder when m is divided by 6.
1
Let w(o) = 9*o - 232. Let k = -234 - -428. Calculate the remainder when k is divided by w(33).
64
Suppose 0 = 607*g - 60